{"id":22,"date":"2024-10-12T13:26:56","date_gmt":"2024-10-12T13:26:56","guid":{"rendered":"https:\/\/igmgdusseldorf.de\/?page_id=22"},"modified":"2025-06-11T15:44:28","modified_gmt":"2025-06-11T15:44:28","slug":"vorstand","status":"publish","type":"page","link":"https:\/\/igmgdusseldorf.de\/?page_id=22","title":{"rendered":"Vorstand"},"content":{"rendered":"\n<figure class=\"wp-block-gallery alignleft has-nested-images columns-default is-cropped wp-block-gallery-2 is-layout-flex wp-block-gallery-is-layout-flex\">\n<figure class=\"wp-block-image size-full wp-duotone-unset-1\"><img loading=\"lazy\" decoding=\"async\" width=\"631\" height=\"925\" data-id=\"780\" src=\"https:\/\/igmgdusseldorf.de\/wp-content\/uploads\/2025\/06\/IMG_4338.jpeg\" alt=\"\" class=\"wp-image-780\" srcset=\"https:\/\/igmgdusseldorf.de\/wp-content\/uploads\/2025\/06\/IMG_4338.jpeg 631w, https:\/\/igmgdusseldorf.de\/wp-content\/uploads\/2025\/06\/IMG_4338-205x300.jpeg 205w\" sizes=\"auto, (max-width: 631px) 100vw, 631px\" \/><\/figure>\n<\/figure>\n\n\n\n<details class=\"wp-block-details is-layout-flow wp-block-details-is-layout-flow\"><summary><\/summary>\n<p><\/p>\n<\/details>\n\n\n\n<p><strong>Vorstandsvorsitzende<\/strong>r <\/p>\n\n\n\n<p>Bahattin Y\u0131lmaz ist ein erfahrener Gesch\u00e4ftsmann, der derzeit als Vorstandsvorsitzender des Regionalverbands D\u00fcsseldorf der Islamischen Gemeinschaft Mill\u00ee G\u00f6r\u00fc\u015f (IGMG) t\u00e4tig ist. Mit einer reichen beruflichen Geschichte, darunter die Leitung von Organisationen wie M\u00fcsiad NRW und Europa, sowie seiner T\u00e4tigkeit im Unternehmertum, bringt er eine Vielzahl von F\u00e4higkeiten und Erfahrungen mit.<\/p>\n\n\n\n<p>Bahattin Y\u0131lmaz ist bestrebt, einen positiven Einfluss auf die Gemeinschaft zu nehmen und Mehrwerte f\u00fcr die deutsche Gesellschaft aufzubauen. Sein Engagement f\u00fcr soziale Belange und interkulturellen Austausch spiegelt sich in seinem Einsatz f\u00fcr ein integratives und harmonisches Miteinander wider. Durch seine unternehmerischen Aktivit\u00e4ten hat er gelernt, dass wirtschaftlicher Erfolg Hand in Hand gehen sollte mit einem Beitrag zur Gesellschaft.<\/p>\n\n\n\n<p>Bahattin Y\u0131lmaz sieht es als Ehre an, als Vorstandsvorsitzender des Regionalverbands D\u00fcsseldorf zu dienen. Er ist entschlossen, gemeinsam mit anderen Mitgliedern die Zukunft der Gemeinschaft zu gestalten und das Engagement f\u00fcr die deutsche Gesellschaft weiter voranzutreiben.<\/p>\n\n\n\n<p>Kontakt: <a href=\"mailto:bahattin.yilmaz@igmg.org\">vorsitz@igmgdusseldorf.de<\/a><\/p>\n\n\n\n<p><\/p>\n","protected":false},"excerpt":{"rendered":"<p>Vorstandsvorsitzender Bahattin Y\u0131lmaz ist ein erfahrener Gesch\u00e4ftsmann, der derzeit als Vorstandsvorsitzender des Regionalverbands D\u00fcsseldorf der Islamischen Gemeinschaft Mill\u00ee G\u00f6r\u00fc\u015f (IGMG) t\u00e4tig ist. Mit einer reichen beruflichen Geschichte, darunter die Leitung von Organisationen wie M\u00fcsiad NRW und Europa, sowie seiner T\u00e4tigkeit im Unternehmertum, bringt er eine Vielzahl von F\u00e4higkeiten und Erfahrungen mit. Bahattin Y\u0131lmaz ist bestrebt, [&hellip;]<\/p>\n","protected":false},"author":1,"featured_media":0,"parent":0,"menu_order":0,"comment_status":"closed","ping_status":"closed","template":"","meta":{"footnotes":""},"class_list":["post-22","page","type-page","status-publish","hentry"],"yoast_head":"<!-- This site is optimized with the Yoast SEO plugin v27.5 - https:\/\/yoast.com\/product\/yoast-seo-wordpress\/ -->\n<title>Vorstand -<\/title>\n<meta name=\"robots\" content=\"index, follow, max-snippet:-1, max-image-preview:large, max-video-preview:-1\" \/>\n<link rel=\"canonical\" href=\"https:\/\/igmgdusseldorf.de\/?page_id=22\" \/>\n<meta property=\"og:locale\" content=\"de_DE\" \/>\n<meta property=\"og:type\" content=\"article\" \/>\n<meta property=\"og:title\" content=\"Vorstand -\" \/>\n<meta property=\"og:description\" content=\"Vorstandsvorsitzender Bahattin Y\u0131lmaz ist ein erfahrener Gesch\u00e4ftsmann, der derzeit als Vorstandsvorsitzender des Regionalverbands D\u00fcsseldorf der Islamischen Gemeinschaft Mill\u00ee G\u00f6r\u00fc\u015f (IGMG) t\u00e4tig ist. Mit einer reichen beruflichen Geschichte, darunter die Leitung von Organisationen wie M\u00fcsiad NRW und Europa, sowie seiner T\u00e4tigkeit im Unternehmertum, bringt er eine Vielzahl von F\u00e4higkeiten und Erfahrungen mit. Bahattin Y\u0131lmaz ist bestrebt, [&hellip;]\" \/>\n<meta property=\"og:url\" content=\"https:\/\/igmgdusseldorf.de\/?page_id=22\" \/>\n<meta property=\"article:modified_time\" content=\"2025-06-11T15:44:28+00:00\" \/>\n<meta property=\"og:image\" content=\"https:\/\/igmgdusseldorf.de\/wp-content\/uploads\/2025\/06\/IMG_4338.jpeg\" \/>\n<meta name=\"twitter:card\" content=\"summary_large_image\" \/>\n<meta name=\"twitter:label1\" content=\"Gesch\u00e4tzte Lesezeit\" \/>\n\t<meta name=\"twitter:data1\" content=\"2\u00a0Minuten\" \/>\n<script type=\"application\/ld+json\" class=\"yoast-schema-graph\">{\"@context\":\"https:\\\/\\\/schema.org\",\"@graph\":[{\"@type\":\"WebPage\",\"@id\":\"https:\\\/\\\/igmgdusseldorf.de\\\/?page_id=22\",\"url\":\"https:\\\/\\\/igmgdusseldorf.de\\\/?page_id=22\",\"name\":\"Vorstand -\",\"isPartOf\":{\"@id\":\"https:\\\/\\\/igmgdusseldorf.de\\\/#website\"},\"primaryImageOfPage\":{\"@id\":\"https:\\\/\\\/igmgdusseldorf.de\\\/?page_id=22#primaryimage\"},\"image\":{\"@id\":\"https:\\\/\\\/igmgdusseldorf.de\\\/?page_id=22#primaryimage\"},\"thumbnailUrl\":\"https:\\\/\\\/igmgdusseldorf.de\\\/wp-content\\\/uploads\\\/2025\\\/06\\\/IMG_4338.jpeg\",\"datePublished\":\"2024-10-12T13:26:56+00:00\",\"dateModified\":\"2025-06-11T15:44:28+00:00\",\"breadcrumb\":{\"@id\":\"https:\\\/\\\/igmgdusseldorf.de\\\/?page_id=22#breadcrumb\"},\"inLanguage\":\"de\",\"potentialAction\":[{\"@type\":\"ReadAction\",\"target\":[\"https:\\\/\\\/igmgdusseldorf.de\\\/?page_id=22\"]}]},{\"@type\":\"ImageObject\",\"inLanguage\":\"de\",\"@id\":\"https:\\\/\\\/igmgdusseldorf.de\\\/?page_id=22#primaryimage\",\"url\":\"https:\\\/\\\/igmgdusseldorf.de\\\/wp-content\\\/uploads\\\/2025\\\/06\\\/IMG_4338.jpeg\",\"contentUrl\":\"https:\\\/\\\/igmgdusseldorf.de\\\/wp-content\\\/uploads\\\/2025\\\/06\\\/IMG_4338.jpeg\",\"width\":631,\"height\":925,\"caption\":\"Screenshot\"},{\"@type\":\"BreadcrumbList\",\"@id\":\"https:\\\/\\\/igmgdusseldorf.de\\\/?page_id=22#breadcrumb\",\"itemListElement\":[{\"@type\":\"ListItem\",\"position\":1,\"name\":\"Startseite\",\"item\":\"https:\\\/\\\/igmgdusseldorf.de\\\/\"},{\"@type\":\"ListItem\",\"position\":2,\"name\":\"Vorstand\"}]},{\"@type\":\"WebSite\",\"@id\":\"https:\\\/\\\/igmgdusseldorf.de\\\/#website\",\"url\":\"https:\\\/\\\/igmgdusseldorf.de\\\/\",\"name\":\"\",\"description\":\"\",\"potentialAction\":[{\"@type\":\"SearchAction\",\"target\":{\"@type\":\"EntryPoint\",\"urlTemplate\":\"https:\\\/\\\/igmgdusseldorf.de\\\/?s={search_term_string}\"},\"query-input\":{\"@type\":\"PropertyValueSpecification\",\"valueRequired\":true,\"valueName\":\"search_term_string\"}}],\"inLanguage\":\"de\"}]}<\/script>\n<!-- \/ Yoast SEO plugin. -->","yoast_head_json":{"title":"Vorstand -","robots":{"index":"index","follow":"follow","max-snippet":"max-snippet:-1","max-image-preview":"max-image-preview:large","max-video-preview":"max-video-preview:-1"},"canonical":"https:\/\/igmgdusseldorf.de\/?page_id=22","og_locale":"de_DE","og_type":"article","og_title":"Vorstand -","og_description":"Vorstandsvorsitzender Bahattin Y\u0131lmaz ist ein erfahrener Gesch\u00e4ftsmann, der derzeit als Vorstandsvorsitzender des Regionalverbands D\u00fcsseldorf der Islamischen Gemeinschaft Mill\u00ee G\u00f6r\u00fc\u015f (IGMG) t\u00e4tig ist. Mit einer reichen beruflichen Geschichte, darunter die Leitung von Organisationen wie M\u00fcsiad NRW und Europa, sowie seiner T\u00e4tigkeit im Unternehmertum, bringt er eine Vielzahl von F\u00e4higkeiten und Erfahrungen mit. Bahattin Y\u0131lmaz ist bestrebt, [&hellip;]","og_url":"https:\/\/igmgdusseldorf.de\/?page_id=22","article_modified_time":"2025-06-11T15:44:28+00:00","og_image":[{"url":"https:\/\/igmgdusseldorf.de\/wp-content\/uploads\/2025\/06\/IMG_4338.jpeg","type":"","width":"","height":""}],"twitter_card":"summary_large_image","twitter_misc":{"Gesch\u00e4tzte Lesezeit":"2\u00a0Minuten"},"schema":{"@context":"https:\/\/schema.org","@graph":[{"@type":"WebPage","@id":"https:\/\/igmgdusseldorf.de\/?page_id=22","url":"https:\/\/igmgdusseldorf.de\/?page_id=22","name":"Vorstand -","isPartOf":{"@id":"https:\/\/igmgdusseldorf.de\/#website"},"primaryImageOfPage":{"@id":"https:\/\/igmgdusseldorf.de\/?page_id=22#primaryimage"},"image":{"@id":"https:\/\/igmgdusseldorf.de\/?page_id=22#primaryimage"},"thumbnailUrl":"https:\/\/igmgdusseldorf.de\/wp-content\/uploads\/2025\/06\/IMG_4338.jpeg","datePublished":"2024-10-12T13:26:56+00:00","dateModified":"2025-06-11T15:44:28+00:00","breadcrumb":{"@id":"https:\/\/igmgdusseldorf.de\/?page_id=22#breadcrumb"},"inLanguage":"de","potentialAction":[{"@type":"ReadAction","target":["https:\/\/igmgdusseldorf.de\/?page_id=22"]}]},{"@type":"ImageObject","inLanguage":"de","@id":"https:\/\/igmgdusseldorf.de\/?page_id=22#primaryimage","url":"https:\/\/igmgdusseldorf.de\/wp-content\/uploads\/2025\/06\/IMG_4338.jpeg","contentUrl":"https:\/\/igmgdusseldorf.de\/wp-content\/uploads\/2025\/06\/IMG_4338.jpeg","width":631,"height":925,"caption":"Screenshot"},{"@type":"BreadcrumbList","@id":"https:\/\/igmgdusseldorf.de\/?page_id=22#breadcrumb","itemListElement":[{"@type":"ListItem","position":1,"name":"Startseite","item":"https:\/\/igmgdusseldorf.de\/"},{"@type":"ListItem","position":2,"name":"Vorstand"}]},{"@type":"WebSite","@id":"https:\/\/igmgdusseldorf.de\/#website","url":"https:\/\/igmgdusseldorf.de\/","name":"","description":"","potentialAction":[{"@type":"SearchAction","target":{"@type":"EntryPoint","urlTemplate":"https:\/\/igmgdusseldorf.de\/?s={search_term_string}"},"query-input":{"@type":"PropertyValueSpecification","valueRequired":true,"valueName":"search_term_string"}}],"inLanguage":"de"}]}},"_links":{"self":[{"href":"https:\/\/igmgdusseldorf.de\/index.php?rest_route=\/wp\/v2\/pages\/22","targetHints":{"allow":["GET"]}}],"collection":[{"href":"https:\/\/igmgdusseldorf.de\/index.php?rest_route=\/wp\/v2\/pages"}],"about":[{"href":"https:\/\/igmgdusseldorf.de\/index.php?rest_route=\/wp\/v2\/types\/page"}],"author":[{"embeddable":true,"href":"https:\/\/igmgdusseldorf.de\/index.php?rest_route=\/wp\/v2\/users\/1"}],"replies":[{"embeddable":true,"href":"https:\/\/igmgdusseldorf.de\/index.php?rest_route=%2Fwp%2Fv2%2Fcomments&post=22"}],"version-history":[{"count":10,"href":"https:\/\/igmgdusseldorf.de\/index.php?rest_route=\/wp\/v2\/pages\/22\/revisions"}],"predecessor-version":[{"id":781,"href":"https:\/\/igmgdusseldorf.de\/index.php?rest_route=\/wp\/v2\/pages\/22\/revisions\/781"}],"wp:attachment":[{"href":"https:\/\/igmgdusseldorf.de\/index.php?rest_route=%2Fwp%2Fv2%2Fmedia&parent=22"}],"curies":[{"name":"wp","href":"https:\/\/api.w.org\/{rel}","templated":true}]}}